Let x = 153 - 72. Suppose -x*t - 5994 = -87*t. What are the prime factors of t?
3, 37
Let j = 52866 - -5101. What are the prime factors of j?
7, 13
Let g(c) = 6*c - 57. Let i be g(8). What are the prime factors of i + (-172)/(-20) - 4327/(-5)?
5, 173
Suppose -i + 193 - 190 = 0. Suppose 4*d - 1154 - 2986 = -4*z, -i*z = -4*d - 3126. List the prime factors of z.
2, 3, 173
Let t = -909 + 2250. Suppose 337 = -2*l + 5*x + t, 5*l + 5*x = 2510. List the prime factors of l.
2, 251
Let n = 37 + 2603. Suppose -6*h + 18*h = n. Suppose -14*r + h = -13*r. What are the prime factors of r?
2, 5, 11
Suppose 0 = -295*g + 155*g + 92960. What are the prime factors of g?
2, 83
Let z(t) = t**3 + 11*t**2 + 28*t + 18. Let y(x) = -x**3 + 14*x**2 + 13*x + 19. Let h be y(15). Let s be z(h). Let l = s - -435. What are the prime factors of l?
5, 29
Let n = -271 - -274. Suppose -455 - 1960 = -n*c. What are the prime factors of c?
5, 7, 23
Suppose -5*o - i = -10*o - 2955, 0 = -4*o + 3*i - 2353. Let c = o - -933. What are the prime factors of c?
11, 31
Suppose -20*s + 148 + 72 = 0. Suppose s*h = -894 + 8770. List the prime factors of h.
2, 179
Suppose 4*z - 59435 = -r, -r - 26734 = -5*z + 47562. What are the prime factors of z?
3, 13, 127
Let k = -1834 + 3418. List the prime factors of k.
2, 3, 11
Let b(t) = 3*t**2 + 62*t - 18. What are the prime factors of b(-44)?
2, 1531
Let t(a) = a**2 + 8*a + 25. Let j be (9 - 21) + -6 + -1. List the prime factors of t(j).
2, 3, 13
Suppose 1209 = 11*c + 219. Suppose 0 = -86*a + c*a - 1204. What are the prime factors of a?
7, 43
Let r = 39944 - 24755. What are the prime factors of r?
3, 61, 83
Let k(x) = -6*x**2 - 21*x + 20. Let f be k(16). Let d = -599 - f. What are the prime factors of d?
7, 179
Let w(t) = t**3 - 43*t**2 + 504*t + 148. List the prime factors of w(44).
2, 5, 1213
List the prime factors of (-13 - (14 + -26))*-10198.
2, 5099
Suppose 4*n + k - 5*k = 24, -5*n = 4*k + 6. Suppose -s + 1 = a, -a + 4*s = -n*a - 2. Let b = a - -1. List the prime factors of b.
3
Suppose 8*m - m = 154. Suppose -m = 7*l + 97. Let x = l + 113. What are the prime factors of x?
2, 3
Let x be (225/100)/((-1)/(-44)). Suppose 0 = -5*l + x + 221. What are the prime factors of l?
2
Let v(c) = 13*c**2 + 18*c - 23. Let a(d) = -2*d**2 + 1. Let n(w) = 6*a(w) + v(w). Let z be n(-19). What are the prime factors of z/(-2)*(1 + -2)*300?
2, 3, 5
What are the prime factors of (45485/15 + 3)/(6 + 64/(-12))?
29, 157
Let z be (1 + -1 - 3)*25/(-15). Suppose -310 = z*f + 1025. Let k = -109 - f. What are the prime factors of k?
2, 79
Let b(o) = 5*o**2 + 18*o + 827. What are the prime factors of b(47)?
2, 6359
List the prime factors of 1/((-18)/(-4)) + 75210784/3168.
23741
Let n(t) = -2*t**3 - 6*t**2 - 12*t - 44. Let d be n(-13). Let o = -2194 + d. List the prime factors of o.
2, 11, 59
Let p(v) = 31*v - 17. Let k(t) = -t**2 - t + 11. Let d be k(4). Let g = d + 13. List the prime factors of p(g).
107
Let b(a) = -5912*a**3 + 4*a**2 + 2*a - 1. List the prime factors of b(-1).
3, 73
Let u(c) = -c**2 - 8*c - 3. Let a be u(-7). List the prime factors of (-34)/a*(2 + 230/(-5)).
2, 11, 17
Let p(o) = 4*o**3 + 4*o**2 + o + 8. Let y be p(4). Let m = y - 114. What are the prime factors of m?
2, 109
Let u be 2/(-1*4/8) - -29. Let w(m) = -m**3 + 25*m**2 + 3*m - 21. List the prime factors of w(u).
2, 3
Let m(b) = -129*b - 56. Let z = 443 - 450. What are the prime factors of m(z)?
7, 11
Let g(s) = -1. Let x(n) = -5*n - 90. Let l(w) = 25*g(w) - x(w). List the prime factors of l(-12).
5
Let t(k) = 8*k**2 + 9. Suppose -4*a + 30 = 10. Suppose 0*r - 20 = a*r. What are the prime factors of t(r)?
137
Suppose 4*d - 81*n - 218080 = -86*n, 2*d = -3*n + 109042. List the prime factors of d.
5, 10903
Let q(t) = t**3 + 11*t**2 + 24*t - 30. Let l(m) = -m**3 + 47*m**2 - 45*m - 37. Let w be l(46). List the prime factors of q(w).
2, 3, 7, 43
Let z(m) = -2*m**2 + 2*m**2 + 9 + m - 3*m**2 + 2*m**2. Let p(b) = 7*b + 35. Let a be p(-5). List the prime factors of z(a).
3
Let c(f) = -f - 7. Suppose -2*i - 6*i - 88 = 0. Let v be c(i). Suppose v*o - 468 - 48 = 0. List the prime factors of o.
3, 43
Let z = 3549 + 1398. List the prime factors of z.
3, 17, 97
Let v(s) = -s**3 - 12*s**2 + s + 20. Let o be v(-12). What are the prime factors of (-6)/o - 9342/(-72)?
3, 43
Let i(h) = 574*h - 906. What are the prime factors of i(33)?
2, 3, 167
What are the prime factors of (0 - -12) + -24 + 211784/8?
47, 563
Let y(q) = q**2 - 2*q - 1. Let b(w) = 23*w**2 - 19*w + 27. Let z(g) = b(g) - y(g). List the prime factors of z(6).
2, 359
Suppose -5*a = 4*w + 10, -a - 5*w + w - 18 = 0. Suppose 0 = 5*i + l - 286, 0 = 2*i + 2*i - a*l - 226. Let r = 29 + i. What are the prime factors of r?
2, 43
Let r = -133 + 255. Let c = r + -110. List the prime factors of c.
2, 3
Suppose t - 8 = j, 5*t = 3*j + 15 + 19. Let a be ((3 - 27)/j)/2. What are the prime factors of a/32*4*118?
59
Suppose -18*o - 18780636 = -286*o. List the prime factors of o.
3, 7, 47, 71
Suppose 72*w + 4*u = 77*w - 20525, 0 = -3*w + 4*u + 12307. What are the prime factors of w?
7, 587
Suppose 3*i + 5*v = -5 - 6, -4*v = -2*i + 22. What are the prime factors of 2*(-12)/i*-61?
2, 61
Suppose 5*l = -4*l. Suppose l = 8*g - 13 - 3. Suppose -g*t + 121 = -5*i, t + t = -5*i + 131. List the prime factors of t.
3, 7
Suppose 0 = -4*v + 788 + 20768. List the prime factors of v.
17, 317
Let r be (-8)/10 + (6 + (-15059)/(-55) - 7). Let t = 10 + -4. List the prime factors of (3/t)/1*r.
2, 17
Let w(u) = 843*u - 911. What are the prime factors of w(5)?
2, 7, 59
Let u = 87 + -122. What are the prime factors of (u/(-20))/(-7) - (-5655)/12?
3, 157
Let r(y) = -3*y**2 - 19*y - 1. Let p be r(-11). Let o = 205 + p. List the prime factors of o.
2, 5
Let r = -218 + 767. Let p be r/63 + 2/7. Suppose p*q = 6*q + 30. List the prime factors of q.
2, 5
Let u(n) = -n**2 + 12*n + 8. Suppose -4*j - l + 15 = -3*j, -5*j - l = -67. Let r be u(j). Let a = r - -29. List the prime factors of a.
2, 3
Let l be (4/16)/(4 - (-33566)/(-8392)). Let f = -696 + l. List the prime factors of f.
353
Let b(p) = -2*p**3 - 11*p**2 - 2*p - 3. Let c be b(-5). Let j be 4/c + 1388/9. Suppose 8*k - j = -34. List the prime factors of k.
3, 5
Let i = -72367 + 166325. What are the prime factors of i?
2, 109, 431
Suppose 4*r - 25 = 9*r. Let q be -2 + 3 - 15/r. Suppose 0 = -3*v + 6, -212 = -q*u - 2*v + 6*v. List the prime factors of u.
5, 11
Suppose -66*a + 61*a + 214489 = -4*s, -2*a = -2*s - 85798. List the prime factors of a.
59, 727
Let j(u) = u**3 + 25*u**2 - 3*u + 51. Let a be j(-23). Suppose 13243 = 19*y + a. What are the prime factors of y?
5, 127
Let h(w) = 729*w**2 + 2*w - 5. Let q be h(2). Suppose -17*g - 1079 = -q. Let s = 15 + g. List the prime factors of s.
3, 41
Suppose 7*m - 3*x + 4366 = 12*m, 0 = m + x - 872. Let u = -412 + m. List the prime factors of u.
463
Let g(t) = 430*t**2 - 14*t + 18. List the prime factors of g(2).
2, 3, 5, 19
Let y(s) = s**3 - 7*s**2 - 81*s - 5. List the prime factors of y(15).
2, 5, 29
Let q be (-65)/(-20) - (-2)/(-8). Suppose -w = 10 - 8. What are the prime factors of 0 + w*(q + 231/(-6))?
71
Let n be (-905)/(-20)*2*2. Let o = -152 + n. What are the prime factors of o?
29
Let n = 91 + -83. Suppose n*i - 5*x - 424 = 6*i, 0 = -i - x + 212. List the prime factors of i.
2, 53
Suppose 0 = 3*q + q - 5*r - 736, 5*q - 3*r = 933. Let g(w) = -w**3 - 12*w**2 - 2*w - 14. Let z be g(-11). Let f = q + z. What are the prime factors of f?
2, 19
Suppose 0 = 8*o + 3*v - 122652, -25*o + 20*o = 5*v - 76670. What are the prime factors of o?
2, 3, 5, 7, 73
Suppose -4*s - 98590 = -3*a, 23*s = 13*s + 80. List the prime factors of a.
2, 3, 5479
What are the prime factors of (56281 - -7) + -8*(-5)/(-10)?
2, 14071
Let s be 2*((-5)/(25/10) + 6). What are the prime factors of (-4)/1 - ((-5416)/s + 7)?
2, 3, 37
Let o be (-5 - -5)*(3 + -4). Suppose -312*y + 320*y - 4224 = o. What are the prime factors of y?
2, 3, 11
Let u(l) = 195*l - 21. Let o = -59 + 63. What are the prime factors of u(o)?
3, 11, 23
Suppose -13394 = -4*b + 5*c, -b + 29*c - 34*c + 3336 = 0. What are the prime factors of b?
2, 7, 239
Let z be (252/48)/(6/1520). Let i = 3054 - z. What are the prime factors of i?
2, 431
Let q = -7525 + 29139. What are the pr